133
In base 3, what is -1 - 12200212?
-12200220
In base 13, what is -c - 54cc?
-550b
In base 15, what is 16 + -95?
-7e
In base 12, what is 4 - -7134?
7138
In base 14, what is -225b4 + -6?
-225ba
In base 6, what is -1100312 - -2?
-1100310
In base 6, what is -3 - 543235?
-543242
In base 15, what is -1 + 656a?
6569
In base 11, what is -4351 + -3?
-4354
In base 16, what is -b + 1318?
130d
In base 5, what is 14020311 - 132?
14020124
In base 5, what is -431 - 10344?
-11330
In base 12, what is 6483b3 + -5?
6483aa
In base 11, what is 55627 - 4?
55623
In base 13, what is 1b955 - 3c?
1b916
In base 2, what is 1011111100111111 + -101?
1011111100111010
In base 12, what is 1a0a - 2a?
19a0
In base 13, what is 76 - -ab?
154
In base 4, what is 233131 - 1321?
231210
In base 12, what is 2 + 19181?
19183
In base 14, what is -5c0a3 - -1?
-5c0a2
In base 16, what is 2c3 + 25a?
51d
In base 2, what is 101011101000111 + 0?
101011101000111
In base 5, what is 113334433 - 3?
113334430
In base 10, what is 4 - 22773?
-22769
In base 14, what is -17db + 72?
-1769
In base 10, what is 264 + -13?
251
In base 7, what is -10361 + 40?
-10321
In base 14, what is -17dc0 - 2?
-17dc2
In base 13, what is 32 - 1ca5?
-1c73
In base 9, what is -282711 - 1?
-282712
In base 8, what is -202056 - 1?
-202057
In base 4, what is 210 - -10011213?
10012023
In base 5, what is 1243132 + 10?
1243142
In base 12, what is 381 - -131?
4b2
In base 8, what is -734 + 0?
-734
In base 6, what is 45040 + 0?
45040
In base 12, what is b - 22051?
-22042
In base 14, what is 1a63 + -a?
1a57
In base 16, what is c3c0 - 6?
c3ba
In base 9, what is 101 - 128?
-27
In base 2, what is -100001000011110000 + 11?
-100001000011101101
In base 6, what is 4 + 23333?
23341
In base 5, what is 3 + -11422421?
-11422413
In base 9, what is -73 + -2746?
-2830
In base 8, what is 3 + -757577?
-757574
In base 11, what is 0 - -4796?
4796
In base 10, what is 16 - 10993?
-10977
In base 11, what is 1a532 + -64?
1a479
In base 11, what is -309467 - -2?
-309465
In base 4, what is 100112 - 22022?
12030
In base 13, what is 60 + -732?
-6a2
In base 5, what is -220223 + -1340?
-222113
In base 5, what is -204120331 + 0?
-204120331
In base 15, what is 39 - 8d9?
-8a0
In base 5, what is -3100 - -313?
-2232
In base 15, what is -1a38b - -8?
-1a383
In base 12, what is 14 - -151?
165
In base 7, what is -210 + -1010?
-1220
In base 10, what is 7725 - 88?
7637
In base 2, what is 1 - 101011011011001111?
-101011011011001110
In base 12, what is 1440 - 25?
1417
In base 11, what is 16274 + 4?
16278
In base 4, what is 1221 + 1?
1222
In base 6, what is 2420 - 532?
1444
In base 3, what is -222120 - -101?
-222012
In base 11, what is 35166 + -1?
35165
In base 15, what is -24 + -3a4c?
-3a71
In base 7, what is 122 - 632?
-510
In base 10, what is 146478 - 8?
146470
In base 4, what is -212323330 - 12?
-212330002
In base 14, what is -5ccd - 3?
-5cd2
In base 13, what is -125 + -1122?
-1247
In base 4, what is 21313130301 - -3?
21313130310
In base 15, what is 34 - -10?
44
In base 11, what is 209615 - -3?
209618
In base 7, what is -60400 - 14?
-60414
In base 5, what is 13 + -24121?
-24103
In base 3, what is 2020 - -10001?
12021
In base 2, what is 11100000011110 - 100?
11100000011010
In base 15, what is 0 - -e199?
e199
In base 16, what is -7126 + -5?
-712b
In base 9, what is -2010801 - 5?
-2010806
In base 4, what is -121232 - -10002?
-111230
In base 2, what is 100 + -1000100110111101010?
-1000100110111100110
In base 16, what is -1 + 3cc9?
3cc8
In base 13, what is 63 + 6770?
6803
In base 4, what is -23 + 1013023?
1013000
In base 7, what is 2 - 1014244?
-1014242
In base 16, what is f3 - -244?
337
In base 14, what is 179 - -66?
201
In base 16, what is -226 + 8?
-21e
In base 10, what is -45343 + 3?
-45340
In base 4, what is -3020 - 3012?
-12032
In base 15, what is 18610 - -5?
18615
In base 5, what is -123043 + -11?
-123104
In base 2, what is -111 + 10011001001000000?
10011001000111001
In base 10, what is -123 - -1786?
1663
In base 9, what is 354 - -41?
405
In base 4, what is -2 - 21222112?
-21222120
In base 13, what is 1668628 - 0?
1668628
In base 11, what is 99 - -8110?
81a9
In base 5, what is 3303 - 110?
3143
In base 15, what is -5728a + -4?
-5728e
In base 12, what is -9 - 3620?
-3629
In base 8, what is 663510 + 0?
663510
In base 13, what is -9b9ab - 0?
-9b9ab
In base 14, what is 2c8d - 280?
2a0d
In base 8, what is 340 - -30?
370
In base 14, what is 4 - -726?
72a
In base 2, what is -1100 + 10100101011?
10100011111
In base 12, what is -2 + -215706?
-215708
In base 9, what is 14214 - -5?
14220
In base 4, what is 1122202310 + -11?
1122202233
In base 13, what is 11 + -1c6?
-1b5
In base 2, what is -101100 - 11111100011?
-100000001111
In base 15, what is 8b095 + 0?
8b095
In base 14, what is 87 + -1c28?
-1b81
In base 2, what is -11000101100 + 11010100?
-10101011000
In base 7, what is 2 + 34330?
34332
In base 9, what is -1882136 - -4?
-1882132
In base 7, what is -40 - 1536334?
-1536404
In base 11, what is -33201 - 18?
-33219
In base 9, what is 148 + -752?
-603
In base 15, what is -1d - 1a4?
-1c2
In base 14, what is 2 + 76943?
76945
In base 16, what is 422e3 - 4?
422df
In base 3, what is -10100022002 - 10?
-10100022012
In base 10, what is -229 - 1954?
-2183
In base 13, what is -1 - -5707?
5706
In base 11, what is 116 - -46?
161
In base 4, what is 1101 - 32102?
-31001
In base 8, what is -3 - -47223?
47220
In base 3, what is 12010210 + -120?
12010020
In base 8, what is 305 + -16467?
-16162
In base 9, what is -11 - 5542?
-5553
In base 7, what is -361525 + 0?
-361525
In base 4, what is 300022 + -113213?
120203
In base 6, what is 352331 + 24?
352355
In base 11, what is 238 + 636?
873
In base 7, what is -23432 - 214?
-23646
In base 4, what is 0 + -2121130111?
-2121130111
In base 4, what is -223220 + 33130?
-130030
In base 9, what is 336 - -178?
525
In base 13, what is 1 - -1a0?
1a1
In base 11, what is 28710 + -22?
28699
In base 5, what is 3132012 - 4?
3132003
In base 13, what is b8 - 4ba?
-402
In base 16, what is 1e053f + -3?
1e053c
In base 10, what is 1811 - 3839?
-2028
In base 8, what is 2 - -164602?
164604
In base 16, what is 266 - -11?
277
In base 8, what is -201 + -151?
-352
In base 4, what is -230013 - 13121?
-303200
In base 5, what is 41342234 - 3?
41342231
In base 10, what is 134 + -72?
62
In base 14, what is 66a5 + -82?
6623
In base 15, what is 4 - 2640?
-263b
In base 3, what is -112120200000 + -21?
-112120200021
In base 9, what is -1636 - -340?
-1286
In base 4, what is -111231 - -11202?
-100023
In base 5, what is -11043323 - 1?
-11043324
In base 15, what is -ab25 - -2?
-ab23
In base 9, what is -18427 + 3?
-18424
In base 11, what is a3 + -1337?
-1244
In base 4, what is -103201 + -130?
-103331
In base 7, what is 1426 + -11?
1415
In base 6, what is -105045 - 1?
-105050
In base 6, what is 2041101 + -14?
2041043
In base 9, what is 3 - 17380?
-17376
In base 3, what is 222120120 - 10?
222120110
In base 9, what is -4667211 - -3?
-4667207
In base 10, what is -4 - -634?
630
In base 16, what is ca9b + -1e?
ca7d
In base 3, what is -1222020012 - -111?
-1222012201
In base 7, what is -2 + 163402?
163400
In base 14, what is 442cc - -1?
442cd
In base 13, what is -3 + 2081?
207b
In base 4, what is 122102123 + 0?
122102123
In base 10, what is 3 - 208202?
-208199
In base 14, what is 0 - -16737a?
16737a
In base 16, what is -1 - -27dac?
27dab
In base 3, what is 11200220000 + 2?
11200220002
In base 14, what is 5 - 31a4d?
-31a48
In base 3, what is -20000 + 1202?
-11021
In base 4, what is 101321332 - 123?
101321203
In base 2, what is -10 + 10010111100110?
10010111100100
In base 5, what is -2130030 - 121?
-2130201
In base 16, what is 4 + 1f33f?
1f343
In base 5, what is 3 + 3234001?
3234004
In base 12, what is -a - -5a064?
5a056
In base 2, what is -1001100010011010 - -1?
-1001100010011001
In base 12, what is -3 + 63997?
63994
In base 16, what is -f + -3996?
-39a5
In base 4, what is 3 - 320220211?
-320220202
In base 13, what is 0 - 182675?
-182675
In base 3, what is 111001012212 + 10?
111001012222
In base 11, what is -17 - -5820?
5804
In base 7, what is 0 + -20554?
-20554
In base 2, what is 11 - 10001000010101011011?
-10001000010101011000
In base 9, what is -2 + -11215?
-11217
In base 13, what is 129 + -9c?
5a
In